{"id":66,"date":"2020-06-04T15:59:28","date_gmt":"2020-06-04T13:59:28","guid":{"rendered":"http:\/\/teresacatalan.com\/?page_id=66"},"modified":"2025-09-25T13:21:28","modified_gmt":"2025-09-25T11:21:28","slug":"catalogo","status":"publish","type":"page","link":"https:\/\/teresacatalan.com\/?page_id=66","title":{"rendered":"Cat\u00e1logo"},"content":{"rendered":"\n<details class=\"wp-block-details is-layout-flow wp-block-details-is-layout-flow\"><summary>Orquesta<br><\/summary>\n<ul class=\"wp-block-list\">\n<li>1981. <strong>ADAGIO<\/strong><br>Orquesta de cuerda.<\/li>\n<\/ul>\n\n\n\n<ul start=\"1981\" class=\"wp-block-list\">\n<li>1991. <strong>EUROPA (Ballet)<\/strong><br>Orquesta sinf\u00f3nica.<\/li>\n<\/ul>\n\n\n\n<ul start=\"1981\" class=\"wp-block-list\">\n<li>1998. <strong>ROND\u00d3 PARA UN MAYORAZGO<\/strong><br>Flauta solista y orquesta de cuerda.<\/li>\n<\/ul>\n\n\n\n<ul start=\"1981\" class=\"wp-block-list\">\n<li>2006. <strong>GLOSA EN TONO DE RE (Manuel Castillo <em>in memoriam<\/em>)<\/strong><br>Orquesta sinf\u00f3nica.<br><em>Publicado por<\/em>: Papeles del Festival de M\u00fasica de C\u00e1diz, Cuaderno N\u00ba 1, 2007.<\/li>\n<\/ul>\n\n\n\n<ul start=\"1981\" class=\"wp-block-list\">\n<li>2010 <strong>LA DANZA DE LA PRINCESA (Ballet)<\/strong><br>Orquesta sinf\u00f3nica.<\/li>\n<\/ul>\n\n\n\n<ul class=\"wp-block-list\">\n<li>2015. <strong>BERE OIHARTZUNA<\/strong><br>Orquesta Sinf\u00f3nica.<\/li>\n<\/ul>\n\n\n\n<ul class=\"wp-block-list\">\n<li>2020. <strong>EL CANTO DE ATENEA<\/strong><br>Flauta solista y Orquesta Sinf\u00f3nica.<\/li>\n<\/ul>\n\n\n\n<ul class=\"wp-block-list\">\n<li>2021. <strong>LA VICTORIA VAC\u00cdA<\/strong><br>Orquesta Sinf\u00f3nica.<\/li>\n<\/ul>\n\n\n\n<ul class=\"wp-block-list\">\n<li>2024. <strong>AZUL<\/strong><br>Orquesta Sinf\u00f3nica.<\/li>\n<\/ul>\n<\/details>\n\n\n\n<details class=\"wp-block-details is-layout-flow wp-block-details-is-layout-flow\"><summary>M\u00fasica para teatro<br><\/summary>\n<ul class=\"wp-block-list\">\n<li>1985. <strong>CUATRO NOMBRES DE MUJER<\/strong><br>Orquesta y marimba.<\/li>\n<\/ul>\n<\/details>\n\n\n\n<details class=\"wp-block-details is-layout-flow wp-block-details-is-layout-flow\"><summary>Piano solo<br><\/summary>\n<ul class=\"wp-block-list\">\n<li>1983. <strong>AUNITZ URTEZ<\/strong><br>Piano solo.<\/li>\n<\/ul>\n\n\n\n<ul start=\"1983\" class=\"wp-block-list\">\n<li>1986. <strong>IRU\u00d1EAKO TALDEA PIANO VARIACIONES (II y VII)<\/strong><br>Piano solo.<br><em>Publicado por<\/em>: Caja de Ahorros Municipal de Pamplona, 1986.<\/li>\n<\/ul>\n\n\n\n<ul start=\"1983\" class=\"wp-block-list\">\n<li>1987. <strong>DA CAPO (Col legno)<\/strong><br>Piano solo.<br><em>Publicado por<\/em>: Colecci\u00f3n Ars Viva. Editorial Arte Tripharia Madrid, 1988.<\/li>\n<\/ul>\n\n\n\n<ul start=\"1983\" class=\"wp-block-list\">\n<li>1995. <strong>ELEG\u00cdA N\u00ba 1. Homenaje a B\u00e9la Bart\u00f3k<\/strong><br>Piano solo.<br><em>Publicado por<\/em>: Editorial Piles, 2001.<\/li>\n<\/ul>\n\n\n\n<ul start=\"1983\" class=\"wp-block-list\">\n<li>1995. <strong>JUGUETES ROTOS<\/strong><br>Piano solo.<br><em>Publicado por<\/em>:&nbsp;Editorial Piles, 2001.<\/li>\n<\/ul>\n\n\n\n<ul start=\"1983\" class=\"wp-block-list\">\n<li>1997.&nbsp;<strong>FIVE ON FIVE<\/strong><br>Piano solo.<br><em>Publicado por<\/em>: Certosa Verlag (Alemania), 2010.<\/li>\n<\/ul>\n\n\n\n<ul start=\"1983\" class=\"wp-block-list\">\n<li>1999.&nbsp;<strong>ELEG\u00cdA N\u00ba 2. A la muerte de un \u00e1ngel en La Fenice<\/strong><br>Piano solo.<br><em>Publicado por<\/em>: Editorial Piles, 2001.<\/li>\n<\/ul>\n\n\n\n<ul class=\"wp-block-list\">\n<li>2007. <strong>ELEG\u00cdA N\u00ba 3. Para un hombre de agua y fuego. N\u00e9stor Rodrigo in Memoriam<\/strong><br>Piano solo.<br><em>Publicado por<\/em>: Revista Quodlibet, N\u00ba 39, septiembre\/diciembre 2007.<\/li>\n<\/ul>\n\n\n\n<ul class=\"wp-block-list\">\n<li>2008.&nbsp;<strong>WENN ALLES GEHT, NICHTS GEHT. Homenaje a Ram\u00f3n Barce<\/strong><br>Piano solo.<br><em>Publicado por<\/em>: Certosa Verlag (Alemania), 2010.<\/li>\n<\/ul>\n\n\n\n<ul class=\"wp-block-list\">\n<li>2009. <strong>CR\u00d3NICAS DE EPICURO. Agust\u00edn Gonz\u00e1lez Acilu <em>in honorem<\/em><\/strong><br>Piano solo.<\/li>\n<\/ul>\n\n\n\n<ul class=\"wp-block-list\">\n<li>2009. <strong>ELEG\u00cdA N\u00ba 4. A la muerte de un pensador. Ram\u00f3n Barce <em>in memoriam<\/em><\/strong><br>Piano solo.<br><em>Publicado por<\/em>: Editorial Piles. Valencia, 2012.<\/li>\n<\/ul>\n\n\n\n<ul class=\"wp-block-list\">\n<li>2010. <strong>CORAL, PRELUDIO Y DANZA. Fernando Remacha<em> in honorem<\/em><\/strong><br>Piano solo.<br><em>Publicado por<\/em>: UPNA, 2010.<\/li>\n<\/ul>\n\n\n\n<ul class=\"wp-block-list\">\n<li>2010. <strong>CANCI\u00d3N AZUL<\/strong><br>Piano solo.<br><em>Publicado por<\/em>: Fundaci\u00f3n M\u00fasica Abierta. Cuadernos de M\u00fasica para disCapacidades (afectaci\u00f3n mano derecha). Valladolid, 2014.<\/li>\n<\/ul>\n\n\n\n<ul class=\"wp-block-list\">\n<li>2011. <strong>TIENTO DE TANTOS TONOS<\/strong><br>Piano solo.<\/li>\n<\/ul>\n\n\n\n<ul class=\"wp-block-list\">\n<li>2012. <strong>CUADERNOS DE PIANO. CUADERNO DE NOTAS N\u00ba 1: LAS NOTAS DE MAIA<\/strong><br>Piano solo.<br><em>Publicado por<\/em>: Certosa Verlag (Alemania), 2015.<\/li>\n<\/ul>\n\n\n\n<ul class=\"wp-block-list\">\n<li>2012. <strong>URA ETA LURRA<\/strong><br>Piano solo.<\/li>\n<\/ul>\n\n\n\n<ul class=\"wp-block-list\">\n<li>2013. <strong>LA DANZA DEL GOZO VERMELL<\/strong><br>Piano solo.<\/li>\n<\/ul>\n\n\n\n<ul class=\"wp-block-list\">\n<li>2014. <strong>PAR\u00c1FRASIS<\/strong><br>Piano solo.<br><em>Publicado por<\/em>: Editorial Piles. Valencia, 2017.<\/li>\n<\/ul>\n\n\n\n<ul class=\"wp-block-list\">\n<li>2015. <strong>ALDONZA Y CR\u00c9SIDA<\/strong><br>Piano solo.<\/li>\n<\/ul>\n\n\n\n<ul class=\"wp-block-list\">\n<li>2016. <strong>ELEG\u00cdA N\u00ba 5. A la muerte del Esp\u00edritu de Veruela. Diodatu Arru <em>In Memoriam<\/em><\/strong><br>Piano solo.<\/li>\n<\/ul>\n\n\n\n<ul class=\"wp-block-list\">\n<li>2017. <strong>DE IDA Y VUELTA<\/strong><br>Piano solo.<\/li>\n<\/ul>\n\n\n\n<ul class=\"wp-block-list\">\n<li>2018. <strong>LOS SIETE SECRETOS. N\u00ba 1 &#8211; Rojo amapola en blanco<\/strong><br>Piano solo.<br><\/li>\n\n\n\n<li>2024. <strong>CUADERNOS DE PIANO. CUADERNO DE NOTAS N\u00ba 2: LAS NOTAS DE CARLOS GORTARI ESPARZA<\/strong><br>Piano solo.<\/li>\n<\/ul>\n<\/details>\n\n\n\n<details class=\"wp-block-details is-layout-flow wp-block-details-is-layout-flow\"><summary>Otros instrumentos a solo<br><\/summary>\n<ul class=\"wp-block-list\">\n<li>1986. <strong>SOLILOQUIO<\/strong><br>Flauta.<\/li>\n<\/ul>\n\n\n\n<ul start=\"1986\" class=\"wp-block-list\">\n<li>1996. <strong>EL PRIMER JUGUETE<\/strong><br>Guitarra.<br><em>Publicado por<\/em>: Editorial Piles, 2000.<\/li>\n<\/ul>\n\n\n\n<ul start=\"1986\" class=\"wp-block-list\">\n<li>2013. <strong>SINE DIE<\/strong><br>Clave.<br><em>Publicado por<\/em>: Papeles del Festival de m\u00fasica espa\u00f1ola de C\u00e1diz, N\u00ba 8, 2014.<\/li>\n<\/ul>\n\n\n\n<ul start=\"1986\" class=\"wp-block-list\">\n<li>2014. <strong>POR LA BELENA DE SAN CERNIN<\/strong><br>Viol\u00edn.<br><em>Publicado por<\/em>: Papeles del Festival de m\u00fasica espa\u00f1ola de C\u00e1diz, N\u00ba 9, 2015.<\/li>\n<\/ul>\n\n\n\n<ul class=\"wp-block-list\">\n<li>2024. <strong>EZINBESTEKO MUGA<\/strong><br>Viola.<\/li>\n<\/ul>\n<\/details>\n\n\n\n<details class=\"wp-block-details is-layout-flow wp-block-details-is-layout-flow\"><summary>M\u00fasica de c\u00e1mara<br><\/summary>\n<ul class=\"wp-block-list\">\n<li>1980. <strong>SUE\u00d1O<\/strong><br>Flauta y piano.<br>(Teresa Catal\u00e1n \/ Javier Sagard\u00eda).<\/li>\n<\/ul>\n\n\n\n<ul start=\"1980\" class=\"wp-block-list\">\n<li>1982. <strong>FANTAS\u00cdA Y UNA NOCHE<\/strong><br>Flauta y piano.<\/li>\n<\/ul>\n\n\n\n<ul start=\"1980\" class=\"wp-block-list\">\n<li>1985. <strong>CUARTETO SIN N\u00daMERO<\/strong><br>Cuarteto de cuerda.<\/li>\n<\/ul>\n\n\n\n<ul start=\"1980\" class=\"wp-block-list\">\n<li>1985. <strong>AFINIDAD ELECTIVA EN SOL<\/strong><br>Flauta y piano.<\/li>\n<\/ul>\n\n\n\n<ul start=\"1980\" class=\"wp-block-list\">\n<li>1985. <strong>EQUILIBRIO<\/strong><br>Voz y grupo instrumental (Viol\u00edn, flauta, clarinete, clarinete bajo y piano preparado).<\/li>\n<\/ul>\n\n\n\n<ul start=\"1980\" class=\"wp-block-list\">\n<li>1986. <strong>SUITE PARA DULZAINAS<\/strong><br>Tres dulzainas y percusi\u00f3n.<\/li>\n<\/ul>\n\n\n\n<ul start=\"1980\" class=\"wp-block-list\">\n<li>1987. <strong>EUROPA<\/strong><br>Quinteto de viento (flauta, oboe, clarinete, trompa&nbsp;y fagot).<\/li>\n<\/ul>\n\n\n\n<ul start=\"1980\" class=\"wp-block-list\">\n<li>1988. <strong>ZUHAITZ<\/strong><br>Texto: Teresa Catal\u00e1n.<br>Mezzosoprano, flauta y piano.<\/li>\n<\/ul>\n\n\n\n<ul start=\"1980\" class=\"wp-block-list\">\n<li>1987. <strong>FIGURAS N\u00ba 1<\/strong><br>Cuarteto de cuerda, flauta y piano.<\/li>\n<\/ul>\n\n\n\n<ul start=\"1980\" class=\"wp-block-list\">\n<li>1988. <strong>FIGURAS N\u00ba 2<\/strong><br>Cuarteto de clarinetes.<\/li>\n<\/ul>\n\n\n\n<ul start=\"1980\" class=\"wp-block-list\">\n<li>1989. <strong>POEMAS HUMANOS<\/strong><br>Texto: C\u00e9sar Vallejo.<br>Soprano y piano.<\/li>\n<\/ul>\n\n\n\n<ul start=\"1980\" class=\"wp-block-list\">\n<li>1995. <strong>AURORA (I)<\/strong><br>Flauta, viola y guitarra.<\/li>\n<\/ul>\n\n\n\n<ul start=\"1980\" class=\"wp-block-list\">\n<li>1995. <strong>AURORA (II)<\/strong><br>Texto: Jacob B\u00f6hme.<br>Narrador, flauta, viola y guitarra.<\/li>\n<\/ul>\n\n\n\n<ul start=\"1980\" class=\"wp-block-list\">\n<li>1998. <strong>EL P\u00c1JARO DE ESTINFALO<\/strong><br>Flauta y piano.<br><em>Publicado por<\/em>: Certosa Verlag (Alemania), 2010.<\/li>\n<\/ul>\n\n\n\n<ul start=\"1980\" class=\"wp-block-list\">\n<li>2000. <strong>L\u00cdMITE INFINITO<\/strong><br>Flauta y arpa.<br><em>Publicado por<\/em>: Editorial Piles, 2003.<\/li>\n<\/ul>\n\n\n\n<ul start=\"1980\" class=\"wp-block-list\">\n<li>2000. <strong>HOM FORA SENY. Homenaje a Ausias March<\/strong><br>Texto: Teresa Catal\u00e1n sobre poemas de A. March.<br>Soprano y piano.<br><em>Publicado por<\/em>: Editorial Piles, 2000.<\/li>\n<\/ul>\n\n\n\n<ul start=\"1980\" class=\"wp-block-list\">\n<li>2000. <strong>VIAJE A C\u00d3LQUIDA<\/strong><br>Grupo instrumental (Fl. Ob. Cl. Tpa. Fg. Pc. Vl I. Vl II. Vla. Vc. Cb).<\/li>\n<\/ul>\n\n\n\n<ul start=\"1980\" class=\"wp-block-list\">\n<li>2007. <strong>LAS MOIRAS<\/strong><br>Grupo instrumental (Fl. Cl. Fg. Vl. Vla. Vc.).<\/li>\n<\/ul>\n\n\n\n<ul start=\"1980\" class=\"wp-block-list\">\n<li>2009. <strong>LA CANCI\u00d3N DE PR\u00d9A<\/strong><br>Flauta y marimba.<br><em>Publicado por<\/em>: Papeles del Festival de m\u00fasica espa\u00f1ola de C\u00e1diz, N\u00ba 4, 2012.<\/li>\n<\/ul>\n\n\n\n<ul start=\"1980\" class=\"wp-block-list\">\n<li>2010. <strong>ESPARZAS<\/strong><br>Mezzosoprano, viol\u00edn, violonchelo y piano.<br><em>Publicado por<\/em>: Papeles del Festival de m\u00fasica espa\u00f1ola de C\u00e1diz, N\u00ba 5, 2012.<\/li>\n<\/ul>\n\n\n\n<ul start=\"1980\" class=\"wp-block-list\">\n<li>2016. <strong>LAS REDES DE LA MEMORIA<\/strong><br>Cuarteto de cuerda.<\/li>\n<\/ul>\n\n\n\n<ul start=\"1980\" class=\"wp-block-list\">\n<li>2017. <strong>BASANDERE TA BASAJAUN<\/strong><br>Dos pianos y dos percusionistas.<\/li>\n<\/ul>\n\n\n\n<ul start=\"1980\" class=\"wp-block-list\">\n<li>2017. <strong>NENIAS I<\/strong><br>Flauta en sol, viol\u00edn, violonchelo y piano.<\/li>\n<\/ul>\n\n\n\n<ul start=\"1980\" class=\"wp-block-list\">\n<li>2018. <strong>NENIAS II<\/strong><br>Flauta en sol, viol\u00edn, violonchelo y arpa.<\/li>\n<\/ul>\n\n\n\n<ul start=\"1980\" class=\"wp-block-list\">\n<li>2018. <strong>EL OLIFANTE DE ROLD\u00c1N<\/strong><br>Tuba y piano.<\/li>\n<\/ul>\n\n\n\n<ul start=\"1980\" class=\"wp-block-list\">\n<li>2018. <strong>NANA DEL JUGUETE<\/strong><br>Dos guitarras.<\/li>\n<\/ul>\n\n\n\n<ul start=\"1980\" class=\"wp-block-list\">\n<li>2018. <strong>LA SOMBRA DE RIM EN \u00abLA LADRONA\u00bb<\/strong><br>Viol\u00edn y arpa.<\/li>\n<\/ul>\n\n\n\n<ul start=\"1980\" class=\"wp-block-list\">\n<li>2019. <strong>LARRAZPILEKO JENTILEN TRIKUHARRITIK<\/strong><br>Viol\u00edn, violonchelo y piano.<\/li>\n<\/ul>\n\n\n\n<ul start=\"1980\" class=\"wp-block-list\">\n<li>2025. <strong>EZ BETIKO<\/strong><br>Quinteto de metales. 2 Tpt. (si b), Tpa. (fa), Trb., Tb.<\/li>\n<\/ul>\n<\/details>\n\n\n\n<details class=\"wp-block-details is-layout-flow wp-block-details-is-layout-flow\"><summary>Coro<br><\/summary>\n<ul class=\"wp-block-list\">\n<li>1984. <strong>DOS EFES EN CANTO CUARTO<\/strong><br>Coro mixto.<br><em>Publicado por<\/em>: Federaci\u00f3n de coros de Euskadi, 1991.<\/li>\n<\/ul>\n\n\n\n<ul start=\"1984\" class=\"wp-block-list\">\n<li>1986. <strong>LARUNBATA ARRATSALDIAN<\/strong><br>Coro mixto.<br><em>Publicado por<\/em>: Federaci\u00f3n de coros de Euskadi, 1991.<\/li>\n<\/ul>\n\n\n\n<ul class=\"wp-block-list\">\n<li>2022. <strong>NERE MAITIA<\/strong><br>Coro mixto.<\/li>\n<\/ul>\n<\/details>\n\n\n\n<p><\/p>\n","protected":false},"excerpt":{"rendered":"","protected":false},"author":1,"featured_media":0,"parent":0,"menu_order":0,"comment_status":"closed","ping_status":"closed","template":"","meta":{"ngg_post_thumbnail":0,"footnotes":""},"class_list":["post-66","page","type-page","status-publish","hentry"],"_links":{"self":[{"href":"https:\/\/teresacatalan.com\/index.php?rest_route=\/wp\/v2\/pages\/66","targetHints":{"allow":["GET"]}}],"collection":[{"href":"https:\/\/teresacatalan.com\/index.php?rest_route=\/wp\/v2\/pages"}],"about":[{"href":"https:\/\/teresacatalan.com\/index.php?rest_route=\/wp\/v2\/types\/page"}],"author":[{"embeddable":true,"href":"https:\/\/teresacatalan.com\/index.php?rest_route=\/wp\/v2\/users\/1"}],"replies":[{"embeddable":true,"href":"https:\/\/teresacatalan.com\/index.php?rest_route=%2Fwp%2Fv2%2Fcomments&post=66"}],"version-history":[{"count":33,"href":"https:\/\/teresacatalan.com\/index.php?rest_route=\/wp\/v2\/pages\/66\/revisions"}],"predecessor-version":[{"id":1888,"href":"https:\/\/teresacatalan.com\/index.php?rest_route=\/wp\/v2\/pages\/66\/revisions\/1888"}],"wp:attachment":[{"href":"https:\/\/teresacatalan.com\/index.php?rest_route=%2Fwp%2Fv2%2Fmedia&parent=66"}],"curies":[{"name":"wp","href":"https:\/\/api.w.org\/{rel}","templated":true}]}}